
2
Let q = 28 - 10. Calculate the remainder when 25 is divided by (q/4)/((-3)/(-6)).
7
Suppose k - 4*k + 90 = 0. Suppose -10*q + 42 = 12. Suppose -4*a - 351 = -5*t - 78, q*a = -2*t + 123. Calculate the remainder when t is divided by k.
27
Suppose -7*d + 239 = 134. Let i(o) = 4*o**2 + 6*o + 2. What is the remainder when i(-5) is divided by d?
12
Calculate the remainder when 159/(-4)*(72/(-27))/2 is divided by 16.
5
Let o(b) = b**3 - 19*b**2 + 22*b - 30. Let c be o(18). Suppose 4*d = c + 34. What is the remainder when d is divided by 7?
5
Let n be (-322)/(-8) - (-2)/(-8). Let i be -6*((-9)/6)/3. Suppose i*w + 5 = -m + n, -4*m + 107 = w. Calculate the remainder when 50 is divided by m.
24
Let y(h) = h**3 - 13*h**2 - 11*h - 2. What is the remainder when y(14) is divided by 24?
16
Suppose -4*v - 2*p = v - 74, -5*v = -2*p - 66. Calculate the remainder when v is divided by 9.
5
Suppose -3*f + 15 = -0*f. Suppose 0 = -0*s + f*s - 65. What is the remainder when ((-88)/1)/(-6 - -5) is divided by s?
10
Suppose -194*y + 344 = -192*y. What is the remainder when y is divided by 34?
2
Let p(a) = a**3 - 9*a**2 + 10*a + 5. Let t(l) = 2*l**2 - 15*l. Let v be t(8). What is the remainder when 73 is divided by p(v)?
10
Let v(k) = k**2 + 3*k - 6. Let g be v(-6). Suppose g*b + 36 = 13*b. Let i = 93 - 24. Calculate the remainder when i is divided by b.
33
Let c(y) = -7*y**2 + 26*y + 5. Let t(j) = -4*j**2 + 13*j + 2. Let d(o) = 3*c(o) - 5*t(o). Calculate the remainder when 185 is divided by d(12).
15
Let r be (-1 - (-2 - -1))/(-2). Calculate the remainder when 71 is divided by 21 - (-2*3/2 + r).
23
Let d(a) = -2*a**3 - 14*a**2 + a - 1. Let s be d(-7). Let t = s + 27. Calculate the remainder when 92 is divided by t.
16
Suppose 542*j = 566*j - 1824. Calculate the remainder when j is divided by 49.
27
Suppose -6322 - 10219 = -17*w. What is the remainder when w is divided by 65?
63
Let u(c) = c + 13. Let l(z) = z**2 - z + 1. Let t(r) = 2*l(r) + u(r). What is the remainder when t(-6) is divided by 49?
44
Suppose -141*j + 53*j + 1232 = 0. Calculate the remainder when 263 is divided by j.
11
Let y = 26 + 2. Let w = y - 19. Let n = 15 - w. What is the remainder when 15 is divided by n?
3
Let u(o) = 12*o - 4. Let v be (-28)/21*(-6)/4. Let j be u(v). Let m = j - -22. What is the remainder when m is divided by 11?
9
Let y(b) = b**3 + b**2 + b + 1. Let v be y(-3). Let i = v + 26. Suppose 3*j + 4*h - 16 - 9 = 0, i = -3*h. Calculate the remainder when 53 is divided by j.
9
Suppose 0 = 88*h - 103*h + 195. What is the remainder when 37 is divided by h?
11
Suppose s - 134 = -3*t + 317, -917 = -2*s - t. Suppose 5*p - 15 = s. What is the remainder when p is divided by (25/(-4))/(2/(-8))?
20
Let i = -228 + 258. Calculate the remainder when i is divided by 4.
2
Suppose 0*l - l - 5*i + 32 = 0, -96 = -2*l - 2*i. Calculate the remainder when 985 is divided by l.
49
Suppose d = 3*v + 2*d - 33, -3*d + 11 = v. Calculate the remainder when 307 is divided by v.
10
Let j = 205 - 136. Calculate the remainder when j is divided by 57.
12
Let t = 682 - 660. Calculate the remainder when (-2)/5 - (-427)/5 is divided by t.
19
What is the remainder when -1 - (-20 + -4) - -1 is divided by (0 - (6 - 3)) + 17?
10
Suppose 3*p = 4*j + 241, 0 = -4*p + j + 2*j + 319. What is the remainder when p is divided by 26?
1
Let s = 211 + -200. Let i = 17 + -10. Let w = 11 - i. What is the remainder when s is divided by w?
3
Let f = -12 + 15. Suppose -f*x = -3*b - 30, 6*x - 3*b - 60 = x. What is the remainder when 42 is divided by x?
12
Let l = 777 - 756. What is the remainder when 22 is divided by l?
1
Let v be 3*(-6)/9*-5. Suppose -f + v = f. Let o = f + 46. What is the remainder when o is divided by 13?
12
What is the remainder when 216 is divided by 2/(-9) + 27872/603?
32
Suppose 96 = -4*i + z, 0 = -2*i + 3*z - 0*z - 58. Suppose 37*n = 29*n + 240. Let j = i + n. What is the remainder when 19 is divided by j?
5
Let i = 275 - 237. What is the remainder when 73 is divided by i?
35
Let j(f) = 6*f + 17. Suppose 0 = -3*n + 2*l + 32, -4*l + 7 + 29 = 4*n. What is the remainder when j(2) is divided by n?
9
Suppose -8*f = -3*j + 608, -10*f = -j - 7*f + 202. What is the remainder when j is divided by 45?
28
Let o(z) = z**3 + z**2. Let y be o(2). Let w = -13 + y. Calculate the remainder when (-2 - w)/1 + 26 is divided by 7.
4
Let o(j) = 25*j - 31. Let m be o(7). Suppose -244 = -4*y - 4*u, 4*y + 3*u - m - 103 = 0. Calculate the remainder when y is divided by 17.
13
Suppose 9*k = -2*t + 10*k + 47, -2*k = 4*t - 98. Calculate the remainder when t is divided by 7.
3
Let b = 46 + -46. Suppose -5*c + 10 + 0 = 0, -3*z - 3*c + 42 = b. What is the remainder when 46 is divided by z?
10
Suppose -9*g + 4911 = -3765. What is the remainder when g is divided by 42?
40
Let k(o) = o**2 + 5*o - 3. Suppose 4*r + 3*l = -237, 4*r - 7*r - l - 179 = 0. Let u = r + 67. Calculate the remainder when k(-7) is divided by u.
4
Let b = -865 + 931. Calculate the remainder when 1383 is divided by b.
63
Let p = 383 - 372. Let x(r) = -14*r - 2. Let g be x(-6). Suppose 0 = 2*j - g - 4. Calculate the remainder when j is divided by p.
10
Let q = -100 + 564. Suppose 914 + q = 13*l. What is the remainder when l is divided by 36?
34
Let x(k) = -2*k**2 - 23*k + 2. Calculate the remainder when 280 is divided by x(-9).
45
Let y(b) = -b + 8. Suppose -5*c = -5*s - 65, -56 - 11 = -5*c + 3*s. Suppose d = 3*l + 35, 4*d - c - 16 = 2*l. What is the remainder when y(l) is divided by 4?
3
Let q = 9 + -6. Suppose 0 = q*g + g - 36. Suppose 95 = 3*y + 23. What is the remainder when y is divided by g?
6
Let g(c) = c**2 + 6*c + 17. What is the remainder when g(-9) is divided by 21?
2
Calculate the remainder when 94 is divided by (48/40)/((-2)/(-20)).
10
Suppose 0 = -2*b - 28 + 96. Suppose 3*o + 3*x - 138 = -12, -3*x - 168 = -4*o. Suppose 5*s - 3 = o. Calculate the remainder when b is divided by s.
7
Suppose 4*m = x + 2119, 3*x - 676 = -3*m + 917. What is the remainder when m is divided by 13?
10
Let r be (-4 - -4)/(-2 - 0). Suppose 7*u - 71 - 62 = r. Calculate the remainder when u is divided by 5.
4
Suppose 0 = 3*w - 4*l - 319, 5*w + 4*l = -l + 590. Suppose -13*q = -14*q + w. What is the remainder when q is divided by 23?
21
Suppose -5*n + 2*n = z - 43, z - 15 = 4*n. Calculate the remainder when 122 is divided by z.
29
Suppose a + 2 = 0, -457 = -5*f + 4*a - 3*a. Suppose -5*o + 176 = 3*t - 23, -5*t = 2*o - f. Let s = 31 - 21. What is the remainder when o is divided by s?
8
Let x = -25 + 28. Let v(q) = x + q**2 + 2*q - 7*q**3 - 2 - 10*q**3 - q**3. Calculate the remainder when 32 is divided by v(-1).
14
Let b = 24 + 8. Suppose 0 = -5*p + 3*v + 95, -p + 7*v - 5*v + 12 = 0. Let y = b - p. Calculate the remainder when y is divided by 3.
1
Let a(c) = c + 45. Calculate the remainder when a(-11) is divided by 15.
4
What is the remainder when 350 is divided by (1 - -10 - 13)/(4/(-54))?
26
Let c(b) = b - 8*b - 23 - 7 + 3*b. What is the remainder when 40 is divided by c(-11)?
12
Let b = -13 - -18. Let s(p) = -p**2 - 17*p - 33. Calculate the remainder when s(-5) is divided by b.
2
Let t(u) = -301 + 30*u + 301. Let r be t(2). Suppose 5*o - r = 40. What is the remainder when o is divided by 7?
6
Suppose 407 = 3*a + 2*g, -5*a + 673 = 108*g - 106*g. Calculate the remainder when a is divided by 39.
16
Suppose 2*f + 489 = k, 5*k + 3*f - 2821 = -402. What is the remainder when k is divided by 29?
21
Let c = -192 + 230. What is the remainder when 340 is divided by c?
36
Suppose -3*j - 11 = -c, c + 11 = 2*c - 4*j. Let u(y) = -4*y - 1 - 11 - y - 6*y. What is the remainder when u(-4) is divided by c?
10
Let w = 3 - -6. Let i be (9/(-6))/(w/(-12)). Suppose 3*b = -5*m + 47, -3*b = -4*m - 9 - i. Calculate the remainder when b is divided by 5.
4
Suppose 13*f = 8*f - 220. Let a(s) = s**3 - 3*s**2 + s. What is the remainder when f/(-5) + 11/55 is divided by a(3)?
0
Suppose -29*r = 18*r - 2726. What is the remainder when 521 is divided by r?
57
Let f be 4/(-2) - (-15 + 9). Suppose -3*k + 21 = 3*n, 4 + f = -n - 4*k. Suppose 4*q + n = 6*q. Calculate the remainder when 23 is divided by q.
5
Let v(g) = -2*g - 8. Let x be v(0). Let m be (-1)/(0 + 2/x). Suppose -144 = -4*l + 4*i, m*l - 7 = 3*i + 136. Calculate the rema